2*o**3 + o**3 - 2*o**m + 788 - 792 + 8*o**2. Give f(-9).
-4
Let c = 27 - 12. Suppose 2*x = -5*y + c, -2*y + x + 6 = -x. Let v(a) = -2*a + 4. What is v(y)?
-2
Let d(u) be the third derivative of u**6/120 + 3*u**5/20 - 5*u**4/12 + u**3 + u**2 - 84*u. What is d(-10)?
6
Let a(x) be the second derivative of -5/24*x**4 - 1/20*x**5 - 3*x + 2*x**2 + 0 + 1/6*x**3 + 1/120*x**6. Let p(h) be the first derivative of a(h). Give p(4).
-3
Let s(o) be the third derivative of -51*o**2 + 0 + 0*o - 1/30*o**5 + 0*o**4 + 0*o**3. What is s(-1)?
-2
Let s(f) = -5*f + 10. Let n(u) = 5*u - 9. Let g(r) = 6*n(r) + 5*s(r). Determine g(3).
11
Let f = 5 + -9. Let z(x) = x**3 + 4*x**2 + x + 5. Let o be z(f). Let k(a) = 5 + 3*a - 2*a**2 - o - 4. What is k(2)?
-2
Let b be (-32)/24 + (-3)/(-9). Let d(f) = 6*f - 1. Give d(b).
-7
Suppose 4 = n + c, -2*n = -3*c + 1 - 4. Let a(s) = 2*s**2 + 3*s - 7. Let i = 15 + -11. Let l(t) = 3*t**2 + 3*t - 8. Let y(p) = i*a(p) - 3*l(p). What is y(n)?
-4
Let l be 7 - 4 - -2 - (6 + 2). Let i(j) = -j**3 - j**2 + 4*j + 3. Calculate i(l).
9
Suppose k = -5*a - 22, 65*k - 62*k = -4*a - 11. Let w(s) = s**3 + 6*s**2 + 7*s + 1. Determine w(a).
-9
Suppose 5*h = 5*j + 10, 1 + 3 = -h - 2*j. Let i(u) = u + u - 5*u + 4*u - 6. Calculate i(h).
-6
Let l(a) = -15*a + 17. Let b(c) = -46*c + 49. Let y(w) = -6*b(w) + 17*l(w). Determine y(0).
-5
Let p(r) = -6*r - 1. Let v = 26 + -24. Suppose -12 = v*o - 10. What is p(o)?
5
Suppose -a - 90 = -127. Let i(g) = -117*g**2 + 44*g**2 + 37*g**2 - 8 + a*g**2 - 5*g. What is i(6)?
-2
Let l(z) be the first derivative of z**3/3 + 27*z**2/2 + z + 291. Give l(-27).
1
Let k = 53 - 48. Let q(z) = z**3 - z**2 - z. Let j(r) = 2*r**3 - 5*r**2 - 8*r - 2. Let h(b) = j(b) - q(b). Determine h(k).
-12
Let n(y) = -y**3 - 3*y**2 + 8*y + 7. Let i be ((-27)/81)/(1/15). Give n(i).
17
Let d(m) = 3*m**2 + 4*m - 2*m**2 + 3*m + 8. Suppose 0*t + 3*t + 5*z - 19 = 0, t - 11 = -4*z. Suppose -4*g + 46 = -5*s - 0*s, -t*s - 3*g = 6. Give d(s).
2
Suppose -88 - 32 = 4*l. Let o = -27 - l. Let n(k) = 3*k + 2. Calculate n(o).
11
Let k(s) = s**3 - 18*s**2 + s - 12. Let v be k(18). Suppose i - v = -0*i. Let w(z) = z**2 - 3*z - 5. What is w(i)?
13
Let r(x) = -x**3 - 15*x**2 - 14*x - 11. Let y = -734 - -720. What is r(y)?
-11
Let c(p) = -6*p - 2. Let o(d) = d**2 - 5. Let h = 13 - 16. Let z be o(h). Suppose -3*w - 2 = z. Determine c(w).
10
Let v(y) = 89*y + 2 - 177*y + 1 + 89*y + 0*y**2 + y**2. Suppose 3 - 9 = -2*z. Suppose -3*r + 7*r + w + 15 = 0, -z*r - 12 = w. Calculate v(r).
9
Suppose -2*s + 24 = -4*d, 0 = 40*s - 41*s. Let v = -2 - -8. Let j(b) = 3 - 3*b**2 + 3*b**2 + b**3 + 5*b**2 - v*b. What is j(d)?
3
Let b(f) = 2*f + 13. Suppose -4*q - 8 = 8. Let i(s) = -3*s - 14. Let t(l) = q*b(l) - 3*i(l). Let j be t(10). Let y(u) = -u**2 - u - 6. Give y(j).
-6
Let d(m) = -m**3 + 3*m**2 + 11*m + 9. Let s be d(6). Let h = s + 40. Let j(x) = -x + 3. What is j(h)?
-4
Let y = -3 + 6. Suppose n - 2*p + 17 = -5*p, y*n = -2*p - 23. Let b(l) be the third derivative of -l**4/12 - 5*l**3/6 + 21*l**2. Determine b(n).
5
Let u(r) = 359*r - 183*r + 18 - 175*r. What is u(-10)?
8
Let s(u) = 36*u**2 + 4*u - 38. Let b(r) = -43*r**2 - 5*r + 38. Let l(n) = 5*b(n) + 6*s(n). Determine l(7).
4
Let k(f) = f**3 - 4*f**2 + 3*f + 1. Let s be 731/215 - 6/(-10). Calculate k(s).
13
Suppose 2*j = 5*x - 3*x - 4, -3*x = -6. Let v(c) = -25 - 9 + 24 + 21 - c. Calculate v(j).
11
Let g(v) = -10*v**2 - 260*v - 5. Let a be g(-26). Let f(t) = t. Let x(k) = -2*k + 3. Let i(u) = -6*f(u) - x(u). What is i(a)?
17
Let c = -23 - -27. Let w(o) = -5*o**2 - c*o**2 + 0*o + 8*o**2 - 5*o. Give w(-5).
0
Let g = -71 - -78. Let q(a) = -a**2 + 10*a - 4. Give q(g).
17
Let r = -203 + 198. Let n(s) = -2*s - 8. Give n(r).
2
Suppose 4*d - 13 = -0*d + 5*x, -2*d + 4*x + 14 = 0. Let p be 147/(-28) + d/(-12). Let a(q) = -2*q - 5. Give a(p).
5
Suppose 0 = 12*j + 105 + 15. Let z(k) = -k**2 - 10*k - 8. Give z(j).
-8
Let q(v) = -5*v + 16. Let m be 28/(-245)*-15*7/2. What is q(m)?
-14
Let q(r) = -r + 15. Let t(z) = -z + 26. Let i(y) = -7*q(y) + 4*t(y). Let d be 6/4*(0 - -2). Suppose -d = 3*c + 3. Calculate i(c).
-7
Let l(b) = -b**3 - b**2 + b + 10. Let c = -73 + 71. Let h(d) = -3*d**3 - 2*d**2 + 2*d + 20. Let x(s) = c*h(s) + 5*l(s). Determine x(0).
10
Let d(i) be the first derivative of -i**2 - 10*i + 93. Give d(-7).
4
Let z = 20583 + -20586. Let t(d) = d**3 + 2*d**2 - 3. Let c(k) = 2*k**3 + 4*k**2 - k - 6. Let h(i) = 3*c(i) - 5*t(i). Calculate h(z).
-3
Suppose 0 = -0*c - c + 4. Suppose 0 = 3*f + x - 97, -f + c*x - x = -39. Suppose -5*y + j - 25 = -j, f = -4*y - j. Let t(i) = -i**2 - 7*i + 5. Calculate t(y).
5
Let b(q) = 28*q**3 - 40*q**2 - 63*q + 45. Let w(l) = -5*l**3 + 8*l**2 + 12*l - 9. Let g(d) = 2*b(d) + 11*w(d). Let m = 1 - 8. What is g(m)?
-2
Let j(d) be the first derivative of -3*d**2/2 + 6*d + 1284. Let p(g) = 7*g - 1. Let b be p(1). Give j(b).
-12
Let k(v) be the first derivative of -v**5/60 - 7*v**4/24 - 7*v**3/6 + 9*v**2 - 16. Let z(u) be the second derivative of k(u). Calculate z(-6).
-1
Let a be ((-25)/10 + 4)*(-12)/(-9). Suppose 13*x = -a*x - 15. Let j(m) = -14*m**2 - 9. Let o(z) = 7*z**2 + 4. Let q(i) = 4*j(i) + 9*o(i). Give q(x).
7
Let p(i) = -7*i + 14. Let f(s) = -6*s + 13. Let a(g) = 6*f(g) - 5*p(g). Let h(z) = z**3 + z**2 - 42*z + 4. Let d be h(6). Give a(d).
4
Let i(w) be the second derivative of 0 + 7/6*w**3 - 2*w**2 - 11*w + 1/12*w**4. Give i(-6).
-10
Let h be (-1)/((-17)/9 - -2). Let g(y) = y**3 + 8*y**2 - 8*y + 11. Give g(h).
2
Let i be 6*(-1 + 14/6). Let c = -5 + i. Let g(k) be the third derivative of k**5/60 + k**4/8 - 2*k**3/3 - 824*k**2. What is g(c)?
14
Let w(z) = 55*z - 1. Let d(f) = 9*f + 1. Let b(o) = -6*d(o) + w(o). Suppose 0 = -m - m. Suppose 8 = 2*a - i, m*i + 5*i - 15 = -a. Determine b(a).
-2
Suppose y + 0 = 2, -2*y + 4 = -x. Let z(p) = -p**2 + p - 24. Let s(d) = 6*d**2 - 5*d + 141. Let j(l) = -2*s(l) - 11*z(l). Determine j(x).
-18
Let t(i) = -i**3 + 14*i**2. Let w be t(14). Let s(p) = 2 - 15*p + 7*p - 4*p**2 + 9*p + w*p. Suppose 0 = -v - 4*v - 5*g + 20, -10 = -5*g. Calculate s(v).
-12
Let a(m) = 14*m + 1. Let p(y) = 4*y**2 + 5*y + 5. Let u(k) = -5*k**2 - 5*k - 5. Let z(n) = 4*p(n) + 3*u(n). Let c be z(-2). Calculate a(c).
-13
Let c(k) be the second derivative of k**4/12 - k**3/6 + 15*k**2 + k - 171. Calculate c(0).
30
Suppose 0 = 2*x - 4*l, 3*x - l + 133 = 123. Let k(q) = 10*q - 4. Give k(x).
-44
Let k(w) = -9*w + 1. Let p(z) = -z**2 - 40*z - 142. Let u be p(-36). Give k(u).
-17
Let f(m) = -m**2 + 3*m + 6. Let i = 179 - 172. Let z(y) = 1. Let u(g) = 4*g - 28. Let x(t) = u(t) + 5*z(t). Let c be x(i). What is f(c)?
-4
Suppose 10*o + 4*o = -70. Let v(r) = -r. Let x be v(-3). Let u(m) = -2 - x*m + 8 - 4. Give u(o).
17
Let a be (99/27 + -6)*-3. Let w(p) = -p**2 + 8*p - 11. Determine w(a).
-4
Let p(q) = q**3 - 3*q**2 - q + 1. Suppose -4*j + 5 - 49 = 0. Suppose 4*f + 4 = 0, -5*h + 22 = 4*f - 39. Let i = j + h. What is p(i)?
-5
Let l(t) be the second derivative of t**6/360 - t**5/60 - t**4/12 - 5*t**3/3 - 14*t. Let j(g) be the second derivative of l(g). Calculate j(5).
13
Let d be (0 + 2)/(2/(-1)). Suppose -4*n + n + 57 = 0. Let f(k) = 4*k**3 - 5*k**3 + 20*k - n*k. Calculate f(d).
0
Let l(n) = 9 - 4 + 2 - n. Let d = -9 + 16. Let a = -1 + d. Determine l(a).
1
Let z(v) = 6*v - 2. Let j(a) = -a**2 + 6*a - 6. Let w be j(5). Calculate z(w).
-8
Let i(s) = 2*s**3 - 10*s**2 + 3*s - 3. Let j(g) = g**3 - 5*g**2 + 2*g - 1. Let a(b) = 4*i(b) - 9*j(b). Determine a(5).
-33
Let c(h) = -10 + 13 + 2*h + 0*h - 9. Determine c(10).
14
Let z be 0*(15/10 + -1). Suppose z = 2*y - 3*j + 7, 7*y = 2*y + 4*j. Let p(w) = -w**3 + 5*w**2 - 3*w + 1. Calculate p(y).
5
Let k(m) = -9*m - 1. Suppose -5*x - 2*p - 9 + 16 = 0, 3*x + p = 4. What is k(x)?
-10
Suppose 0 = -6*k + 132 - 102. Let d(u) = u**3 - 6*u**2 + 4*u + 3. Calculate d(k).
-2
Suppose -4*o + 8 = -2*w - 6, -3*w + 15 = 0. Let z(s) = -2 + 5 + 96*s**3 - o*s**2 - 52*s**3 - 45*s**3 + s. What is z(-6)?
-3
Let l = -798 + 803. Let y(g) be the third derivative of 9*g**2 - 1/6*g**3 - 1/120*g**6 + 0*g - 1/6*g**4 + 1/12*g**l + 0. Calculate y(3).
5
Let t = 2000 - 15999/8. Let n(i) be the third derivative of 1/60*i**5 + 1/2*i**3 + 0*i - t*i**4 + 0 + 8*i**2. Determine n(2).
1
Let g(d) = -d**3 + 5*d